8
What is the thousands digit of 29218?
9
What is the ten thousands digit of 24286?
2
What is the tens digit of 15424?
2
What is the hundreds digit of 2666?
6
What is the units digit of 36658?
8
What is the hundreds digit of 1134?
1
What is the tens digit of 88801?
0
What is the units digit of 9868?
8
What is the hundreds digit of 1534?
5
What is the tens digit of 9110?
1
What is the hundreds digit of 6031?
0
What is the tens digit of 486?
8
What is the tens digit of 2913?
1
What is the hundreds digit of 2286?
2
What is the thousands digit of 4787?
4
What is the thousands digit of 39275?
9
What is the hundred thousands digit of 130134?
1
What is the units digit of 189?
9
What is the thousands digit of 15432?
5
What is the hundreds digit of 9121?
1
What is the ten thousands digit of 35841?
3
What is the thousands digit of 1724?
1
What is the hundreds digit of 1511?
5
What is the tens digit of 7413?
1
What is the hundreds digit of 343?
3
What is the tens digit of 21689?
8
What is the thousands digit of 17110?
7
What is the units digit of 1105?
5
What is the units digit of 25000?
0
What is the hundreds digit of 6876?
8
What is the ten thousands digit of 18125?
1
What is the ten thousands digit of 78160?
7
What is the hundreds digit of 8626?
6
What is the thousands digit of 5349?
5
What is the thousands digit of 30342?
0
What is the units digit of 1830?
0
What is the units digit of 79?
9
What is the hundred thousands digit of 161024?
1
What is the thousands digit of 44199?
4
What is the units digit of 2401?
1
What is the units digit of 70977?
7
What is the tens digit of 2550?
5
What is the thousands digit of 50163?
0
What is the units digit of 3799?
9
What is the tens digit of 18453?
5
What is the hundreds digit of 37866?
8
What is the hundreds digit of 330?
3
What is the ten thousands digit of 146650?
4
What is the tens digit of 5433?
3
What is the units digit of 8528?
8
What is the tens digit of 1307?
0
What is the tens digit of 7770?
7
What is the tens digit of 441?
4
What is the hundreds digit of 1058?
0
What is the thousands digit of 140923?
0
What is the tens digit of 943?
4
What is the ten thousands digit of 40969?
4
What is the units digit of 64261?
1
What is the units digit of 1374?
4
What is the hundreds digit of 1950?
9
What is the thousands digit of 8503?
8
What is the tens digit of 4467?
6
What is the thousands digit of 4238?
4
What is the thousands digit of 79588?
9
What is the units digit of 3236?
6
What is the ten thousands digit of 64988?
6
What is the hundreds digit of 287?
2
What is the hundred thousands digit of 182607?
1
What is the hundreds digit of 15920?
9
What is the hundreds digit of 3457?
4
What is the tens digit of 3280?
8
What is the tens digit of 4075?
7
What is the hundreds digit of 1688?
6
What is the ten thousands digit of 62221?
6
What is the ten thousands digit of 15694?
1
What is the units digit of 1181?
1
What is the hundreds digit of 4928?
9
What is the units digit of 1183?
3
What is the units digit of 1987?
7
What is the units digit of 1179?
9
What is the thousands digit of 7393?
7
What is the tens digit of 45319?
1
What is the thousands digit of 51123?
1
What is the thousands digit of 1647?
1
What is the ten thousands digit of 55141?
5
What is the hundreds digit of 65876?
8
What is the thousands digit of 17939?
7
What is the tens digit of 170?
7
What is the tens digit of 690?
9
What is the units digit of 234?
4
What is the thousands digit of 4641?
4
What is the ten thousands digit of 17482?
1
What is the units digit of 1535?
5
What is the ten thousands digit of 89874?
8
What is the units digit of 1027?
7
What is the thousands digit of 9652?
9
What is the hundreds digit of 2011?
0
What is the tens digit of 18605?
0
What is the tens digit of 1078?
7
What is the tens digit of 2111?
1
What is the ten thousands digit of 36356?
3
What is the units digit of 50908?
8
What is the hundreds digit of 1958?
9
What is the tens digit of 1237?
3
What is the units digit of 7211?
1
What is the units digit of 2364?
4
What is the thousands digit of 74429?
4
What is the tens digit of 38396?
9
What is the hundreds digit of 1675?
6
What is the units digit of 22904?
4
What is the hundreds digit of 31527?
5
What is the units digit of 5408?
8
What is the units digit of 8335?
5
What is the tens digit of 3788?
8
What is the hundreds digit of 2310?
3
What is the hundreds digit of 1422?
4
What is the tens digit of 976?
7
What is the hundreds digit of 42382?
3
What is the thousands digit of 66971?
6
What is the tens digit of 3054?
5
What is the tens digit of 7087?
8
What is the ten thousands digit of 49618?
4
What is the units digit of 19395?
5
What is the ten thousands digit of 67743?
6
What is the ten thousands digit of 14942?
1
What is the hundreds digit of 2144?
1
What is the thousands digit of 47158?
7
What is the hundreds digit of 6050?
0
What is the tens digit of 77664?
6
What is the tens digit of 163597?
9
What is the thousands digit of 9552?
9
What is the tens digit of 65651?
5
What is the tens digit of 1162?
6
What is the units digit of 26166?
6
What is the units digit of 169818?
8
What is the units digit of 19613?
3
What is the thousands digit of 169825?
9
What is the ten thousands digit of 30889?
3
What is the units digit of 997?
7
What is the thousands digit of 3184?
3
What is the thousands digit of 2368?
2
What is the tens digit of 44301?
0
What is the tens digit of 7242?
4
What is the hundreds digit of 4102?
1
What is the units digit of 11762?
2
What is the hundreds digit of 64145?
1
What is the units digit of 1052?
2
What is the hundreds digit of 445?
4
What is the hundreds digit of 8075?
0
What is the tens digit of 1442?
4
What is the thousands digit of 70004?
0
What is the tens digit of 6821?
2
What is the units digit of 34665?
5
What is the tens digit of 16849?
4
What is the hundreds digit of 41555?
5
What is the units digit of 12847?
7
What is the hundreds digit of 1469?
4
What is the ten thousands digit of 54534?
5
What is the units digit of 71324?
4
What is the tens digit of 2035?
3
What is the ten thousands digit of 193848?
9
What is the hundreds digit of 1620?
6
What is the hundreds digit of 20545?
5
What is the units digit of 31?
1
What is the ten thousands digit of 130019?
3
What is the tens digit of 7268?
6
What is the tens digit of 4293?
9
What is the tens digit of 154534?
3
What is the thousands digit of 4809?
4
What is the tens digit of 60?
6
What is the hundreds digit of 252?
2
What is the tens digit of 1437?
3
What is the hundreds digit of 57126?
1
What is the thousands digit of 6640?
6
What is the tens digit of 3268?
6
What is the tens digit of 26155?
5
What is the ten thousands digit of 22011?
2
What is the thousands digit of 1648?
1
What is the ten thousands digit of 13601?
1
What is the thousands digit of 3943?
3
What is the hundreds digit of 204?
2
What is the hundred thousands digit of 179053?
1
What is the thousands digit of 1339?
1
What is the thousands digit of 1100?
1
What is the tens digit of 44840?
4
What is the units digit of 4794?
4
What is the hundreds digit of 168?
1
What is the tens digit of 315?
1
What is the units digit of 17654?
4
What is the units digit of 4154?
4
What is the hundreds digit of 36065?
0
What is the units digit of 10360?
0
What is the hundreds digit of 50491?
4
What is the ten thousands digit of 55638?
5
What is the units digit of 3529?
9
What is the thousands digit of 3999?
3
What is the units digit of 8645?
5
What is the hundreds digit of 3541?
5
What is the hundreds digit of 4132?
1
What is the units digit of 12643?
3
What is the tens digit of 737?
3
What is the tens digit of 324?
2
What is the thousands digit of 11234?
1
What is the thousands digit of 4238?
4
What is the tens digit of 1209?
0
What is the hundreds digit of 397?
3
What is the tens digit of 311?
1
What is the units digit of 93308?
8
What is the units digit of 8753?
3
What is the thousands digit of 3392?
3
What is the hundreds digit of 18542?
5
What is the hundreds digit of 6958?
9
What is the hundreds digit of 33654?
6
What is the hundreds digit of 2462?
4
What is the units digit of 89404?
4
What is the hundreds digit of 83230?
2
What is the hundreds digit of 1164?
1
What is the tens digit of 3307?
